= 5*d**2 + 7*d + 8*d + 10*d - 6*d + 1 + 3*d**3 - 17*d. Calculate n(-3).
-41
Suppose -43*u = -101*u + 49*u + 45. Let q(d) = d - 7. What is q(u)?
-2
Let l(b) = 72*b + 113*b + 141 - 41 - 232*b. What is l(2)?
6
Let l(k) = -10*k + 29. Let w(d) = 23*d - 58. Let v = -290 + 281. Let b(y) = v*l(y) - 4*w(y). Determine b(-16).
3
Let k = 800 + -628. Let s = k - 170. Let h(n) = -5*n**2 - n + 1. What is h(s)?
-21
Let z(m) = -5*m**3 + 3*m**2 + 4*m + 2. Let d(b) = 3*b**3 - b. Let k be (-153)/(-63) + -4 + 6/(-14). Let a(n) = k*d(n) - z(n). Determine a(-2).
-2
Let o(m) = m**2 + 37*m + 23. Let y(f) = 4*f - 1. Let r(b) = -o(b) + 6*y(b). Calculate r(-12).
-17
Let d(x) = 3*x**2 + x + 3. Let f be d(-3). Suppose -f = 25*q - 28*q. Suppose 4*r - 19 = j, -r - 5*j + 22 + q = 0. Let k(p) = p**2 - 5*p - 4. Determine k(r).
2
Let j(x) be the first derivative of 9*x**2/2 - x - 7. Let p be j(1). Let r be (p/(-6) + 1)*(-7 + -14). Let o(w) = -w**3 + 8*w**2 - 7*w + 9. What is o(r)?
9
Let l(j) = 4 - 21662*j + 43320*j - 21651*j. Let a be -5 - (-3 - 0)*1. Determine l(a).
-10
Let n = -123 - -125. Let a(l) = 193*l + 196*l + 4 - n*l**2 + l**2 - 388*l. Give a(0).
4
Let i(m) = 13*m - 3. Let u be i(1). Let t be (-4)/(u/7 - 2). Let j(x) = -x**2 + 6*x + 2. Determine j(t).
-5
Let y(h) = -h - 14. Suppose 35844*q - 15 = 35839*q. What is y(q)?
-17
Let g(k) = k + 1. Suppose -7*h = -10*h - 3. Let v(c) = -2*c + 4. Let n be v(h). Determine g(n).
7
Suppose 3*m + 3*n = 9, -16*n + 180 = 4*n. Let i(v) = -v**2 - 2*v - 14. What is i(m)?
-38
Let h(s) = 7*s + 32. Let u be h(12). Suppose 7*y - u + 74 = 0. Let o(k) = k**2 - 4*k + 8. What is o(y)?
20
Let m(l) = -l**2 + 9*l - 1. Let o be (0 + 4)*(-1 - -2)*3. Suppose 0 = o*q - 18*q + 48. What is m(q)?
7
Let r(t) = 4*t**2 + 8*t + 4. Suppose k = -3*b + 191, 3*b - 4*b - k = -67. Let o = 60 - b. Let c be r(o). Let s(w) = -w + 1. Determine s(c).
-3
Let o(f) = 5*f - 39. Let x(y) = -2*y + 13. Let h(j) = -3*o(j) - 8*x(j). Let w be (-6)/22 + 3400/(-440). Let s be h(w). Let k(n) = -n**2 + 6*n + 3. Give k(s).
8
Let c(t) be the second derivative of t**5/20 - 17*t**4/12 + 9*t**3 - t**2 + 5315*t. Determine c(4).
6
Let l(n) = 2*n - 734 + 391 + 360. Give l(-19).
-21
Let c(d) be the first derivative of d**4/4 - d**3/3 - 7*d**2/2 - 2*d + 3028. Determine c(3).
-5
Let r(z) = -z**2 + 8. Suppose 0*c = 10*c - 70. Let m be 7 - -8*c/(-56). Determine r(m).
-28
Let r(f) be the third derivative of -f**4/24 - 5*f**3/6 + f**2. Let q = -9680 + 9682. Give r(q).
-7
Let v(x) be the first derivative of -x**4/4 - 2*x**3 - 5*x**2/2 - 4*x + 745. What is v(-5)?
-4
Let o(x) = x**2 - 4*x + 17. Let m be -8*(-10)/160*12. Determine o(m).
29
Let t = 148 + -249. Let q = t - -99. Let w(y) = 3*y + 2. Give w(q).
-4
Suppose -5*q = 4*g - 104, 5*g - 5*q = 30 + 55. Suppose -6*d = 9 + g. Let w(m) = m**2 + 3*m - 4. Determine w(d).
6
Let j(q) be the third derivative of 0*q + 0*q**3 + 0 - 16*q**2 - 1/4*q**4. Suppose 15*v - 10*v = t + 1, 0 = t - 2*v + 1. Give j(t).
6
Let m(f) = f**3 - 2*f**2 - 2*f + 2. Suppose 141*c - 155*c - 28 = 0. Determine m(c).
-10
Let y(v) = v**2 + 12*v + 1. Suppose 38*z + 66 + 324 + 104 = 0. What is y(z)?
14
Let p = 2 + -11. Let b(l) = -210*l - 1. Let y(v) = 1683*v + 29. Let f(k) = 8*b(k) + y(k). Calculate f(p).
-6
Let h(b) = -4*b - 5 - 13 - 17. Suppose -428*m = -96*m + 3320. What is h(m)?
5
Suppose -56*s = -61*s - 30. Let m(w) = -1. Let o(l) = -3*l - 15. Let j(k) = -6*m(k) + o(k). Calculate j(s).
9
Suppose 5*f - 4*i = -39, -f - 78 = -4*i - 83. Let x(d) = 23*d + 240. Determine x(f).
-13
Let b(p) be the third derivative of -p**7/2520 + p**6/144 - p**5/60 + p**4/8 + 43*p**3/6 - 5*p**2 - 9*p. Let z(f) be the second derivative of b(f). Give z(4).
2
Let o(l) = -2*l**3 - 4*l**2 - 2*l. Let a(w) = 17*w**3 + 26*w**2 + 8*w - 1. Let r(h) = -a(h) - 6*o(h). What is r(1)?
-2
Let j(p) be the third derivative of p**6/60 - p**5/15 + p**4/4 - 5*p**3/6 + 980*p**2. Determine j(2).
7
Let p be (40/50)/(0 - 6/(-15)). Let w be (90/(-12) + 6)*-2*2. Suppose -j + l = -w*j - 18, p*l = 4. Let r(t) = -t**3 - 4*t**2 + 4*t + 6. Calculate r(j).
-10
Let k(t) be the first derivative of 44 - 3*t - 2/3*t**3 - 1/2*t**2. Determine k(0).
-3
Let p(x) = -x**3 + 5*x**2 - 4*x + 1. Let m be (-4 - -1)*-1 + -3. Suppose 3*k + 3*n + 2 = n, -3*k - 3*n - 6 = m. Let j = 5 - k. Calculate p(j).
7
Let n(c) = -8*c**3 - c**2 + 6*c + 1. Let g(v) = -v - 1 - 4*v + 54*v**3 - 47*v**3. Let w(l) = -7*g(l) - 6*n(l). Calculate w(6).
-5
Let b(v) be the third derivative of v**4/24 + v**3/6 + 14*v**2 + 4*v. Let t be (217/(-35) + 6)*-65. Calculate b(t).
14
Let l be (4 - 3) + (1 - -1). Suppose -l = -3*k + 6*k. Let b(d) be the first derivative of 4*d**3/3 - 39. Calculate b(k).
4
Let c(a) be the third derivative of a**5/60 + 7*a**4/24 + a**3/3 + 425*a**2. Give c(-5).
-8
Let t(p) = -239*p - 24 + 715*p - 246*p - 232*p. What is t(-22)?
20
Let j be 3*(-4)/(-6) - 7. Let r = -152 - -172. Let b(o) = 10 - 44*o + r*o + 25*o. Give b(j).
5
Let b(l) be the first derivative of -28*l**2 - 497*l - 9759. Determine b(-9).
7
Let a(i) = -2*i**3 + 285*i**2 - 121*i - 2987. Let g be a(142). Let r(l) = 6*l + 12. Calculate r(g).
-18
Let o(k) = 241*k + 58. Let b(d) = -83*d - 20. Let z(s) = 17*b(s) + 6*o(s). Determine z(3).
113
Let t(s) = 5*s + 1. Let h = 28 + -19. Suppose 58*m + 1788 = -91*m. Let o = m + h. Give t(o).
-14
Let h(g) = g**2 + 5*g + 8. Suppose -6*t + 93 = 5*n - 2*t, -81 = -5*n + 2*t. Suppose 5*a = 8*a + 2*u + n, 0 = -3*a + 5*u - 31. What is h(a)?
22
Let y(f) = f + 1. Let c be y(-2). Let l(s) = -43 + 25 + 16 - s + 1. What is l(c)?
0
Suppose 0 = 4*q - 8*q - i - 15, 3*q + 5*i = -24. Let x(y) = -19*y**2 + 5*y + 3. Determine x(q).
-183
Let q(w) = 4657*w - 30 + 19 - 4656*w. Calculate q(18).
7
Suppose o - 9 = -5*u + 14, 0 = -4*u - o + 18. Suppose -12 - 18 = -u*z. Let m(b) = -38845*b - 2*b**2 + b**2 + 38852*b. Determine m(z).
6
Let y(b) = -2*b + 10. Let x(r) = -7*r**3 + 6*r**2 - 7*r + 10. Let p(z) = -x(z) + y(z). Determine p(1).
6
Let y(d) = -304827 + 152417 + 0*d + 5*d**2 + 152412 - 3*d. Let g = -5 + 8. Suppose -2*n = -g*n + 2. Calculate y(n).
16
Let q(g) = 3*g**3 - g - 1. Let j(z) = 3*z**2 + z - 1. Let l be j(4). Suppose -27 + l = 12*h. Calculate q(h).
21
Let h(n) be the first derivative of -n**3/3 + 4*n**2 + 5*n + 2. Let d(c) = -5 + 1 - 7*c - 24 - 5. Let z be d(-6). Determine h(z).
-4
Let k be 1/2*(1 + -7). Let b(g) = 4*g - 439*g**2 + 441*g**2 + 40 - 36. What is b(k)?
10
Let q(u) = u**3 - 37*u**2 + 67*u + 117. Let x be (-132)/(-3) - (-9)/((-29)/29). Calculate q(x).
12
Suppose -36 = -19*h + 23*h - f, 2*f + 71 = -5*h. Let v(z) = -z**3 - 9*z**2 + 21*z - 9. Determine v(h).
2
Let c(j) = 4*j**2 - 5*j + 1. Let t(x) = -2*x**3 + 9*x**2 + 98*x + 6. Let n(d) = c(d) - t(d). Calculate n(-6).
1
Let j(w) = -112*w - 2. Suppose 15*c - 14 = 9*c - 8*c. Give j(c).
-114
Let c(b) = -6*b + 11. Let z(h) = -5*h + 11. Let j(f) = -4*c(f) + 5*z(f). Suppose 3*y - 22 + 10 = 4*n, 0 = -3*y - 3*n - 9. Give j(y).
11
Let v(i) = -i**2 + 9*i - 1. Let u(m) = 4*m**2 - 30*m - 1. Let n(d) = 2*u(d) + 6*v(d). What is n(4)?
0
Let g be 70/21 - 3 - 172/12. Let v(o) = -1. Let b(t) = -t**2 - 13*t + 14. Let x(p) = b(p) + 4*v(p). Determine x(g).
-4
Let t = -1000 + 997. Let u(d) = 2*d**3 + 6*d**2 + 7*d + 7. Calculate u(t).
-14
Let w(q) = -q. Let r = -35 - -40. Let v(u) = 2*u. Let j(y) = r*w(y) + 3*v(y). Let d(a) = -a - 16. Let b be d(-18). Determine j(b).
2
Let i = -268 + 189. Let n = -76 - i. Let s(t) = -18*t + 24*t + 2*t**n - 5 - 2 - 3*t**3 + 4*t**2. Determine s(5).
-2
Let l be 2021 - (14 + -5 - 4). Let x(r) = -9*r - r**3 + 2028 + 8*r**2 + 0*r - l. Calculate x(7).
-2
Let f(t) = t**2 + 3*t - 5. Suppose 0 = 28*z + 163*z + 1146. What is f(z)?
13
Let g(c) be the third derivative of -5/2*c**3 + 6*c**2 + 0 + 22*c - 1/4*c**4. What is g(-6)?
21
Let q(v) = -11*v + 0*v + 35 + 17*v**2 - 35. Let u(w) be the first derivative of 2*w**3 - 2*w**2 - 1. Let b(t) = 3*q(t) - 8*u(t). Determine b(1).
2
Let z = -190 + 192. Suppose 2 - 3 = -5*b + u, -4*u = z*b + 4. Let t(q) = q**3 + 2*q + 5. What is t(b)?
5
Suppose 0 = -3*m - 5*b - 20, -3*b + 6*b + 12 = 0. Suppose -7*l + 11 + 38 = m. Let n(v) = 6*v + 28 - v**2 - l*v - 37 - 9*v. Determine n(-8).
7
Let a be 10 - 3 - 9/3. Let w(h) = a*h - 30 + 27 - 3*h. Let n be 198/(-45) + -1*8/(-20). Give w(n).
-7
Le